Let l = b - 314. Suppose h + m - 451 = -62, -h + 5*m + l = 0. Is h composite?
True
Suppose -2*x - 2066 = 4*k - 310, -4*k + 3512 = -4*x. Suppose 926 = 2*d - 3348. Let g = x + d. Is g composite?
False
Let u = 16489 + -10260. Let m = u + 3655. Suppose -16*l + m = -21588. Is l a composite number?
True
Let u be (-59)/(-3) - (-5)/(-45)*-3. Let k = 27 - u. Suppose k*h = -h + 1712. Is h a prime number?
False
Suppose -28344 = -29*d + 17*d. Let q = -201 + d. Is q prime?
True
Suppose -60571375 - 86588929 = -277*o - 57971013. Is o a prime number?
True
Let f(y) = -29522*y - 9119. Is f(-35) a composite number?
False
Suppose -15 = 5*x + 20. Let y(s) = -5*s - 27. Let q be y(x). Suppose -4*v + q*v = 812. Is v a composite number?
True
Let l be ((-6)/4)/(-9*(-2)/(-48)). Let h(a) = 162*a**2 - 5*a + 9. Is h(l) composite?
True
Let f(n) = -n**2 + 3*n + 11. Let c be f(7). Let k = c - -17. Suppose 0 = -5*j + 2*j - 12, -4*g - 5*j + 1760 = k. Is g a prime number?
False
Let j(u) = 2518*u + 345. Is j(11) a composite number?
True
Let z = -20 + 24. Let o be ((-6)/3)/z*2. Let b(d) = -488*d - 3. Is b(o) prime?
False
Let z = -15312 + 32603. Suppose 5*s = -2*m + z, s - 3451 = -4*m + 6*m. Is s prime?
True
Let y = 31055 + 21206. Is y composite?
True
Is -4*((-39349)/28 - ((-1635)/105 + 16)) a prime number?
True
Suppose -4*i - 14 = x, -15 = -x + 2*i - 5. Suppose -6*r + 11756 = -x*r. Let n = r + -1282. Is n a composite number?
False
Suppose 8*d - 12*d - 4*a + 8 = 0, 4*d = -5*a + 8. Suppose -d*b + 14142 = 4*j, b - 16*j = -15*j + 7068. Is b a composite number?
False
Suppose 2*x - 548515 = -3*x + 13*i, 2*i = 4*x - 438812. Is x composite?
True
Let b(g) = 358*g**2 + 228*g - 107. Is b(34) prime?
True
Suppose -6*s = -301 + 241. Suppose -23*k = s*k - 438603. Is k composite?
False
Let v be 2/((-91)/(-105) + (-4)/(-30)). Let z be -2 - (1 - v/4)*-12. Suppose -4*w = -2*d - 3160, -2373 = -z*w + w + 3*d. Is w a prime number?
False
Let w(j) be the second derivative of -179*j**8/6720 + j**6/720 + j**5/120 + j**4/6 - 15*j. Let c(i) be the third derivative of w(i). Is c(-1) a prime number?
True
Suppose -6 = -2*m - m. Let t(f) be the first derivative of 11*f**4 - 2*f**2 + 3*f + 151. Is t(m) composite?
False
Let c(o) = 2*o + 13. Let i(k) = -2*k - 12. Let a(q) = -5*c(q) - 6*i(q). Let b = 11 + -5. Is a(b) a composite number?
False
Let c(z) = -z - 2. Let q be c(-9). Let d be 9 - 1 - 21/q. Suppose 361 = 4*m + d*x, -m = 2*x - 54 - 37. Is m a composite number?
False
Suppose 0 = -2*a + s - 13, -3*a = -6*a - s - 17. Let m(i) = 4*i + 21. Let j be m(a). Let v(q) = -552*q + 1. Is v(j) a prime number?
True
Suppose 2*y = -3*y - 4*o + 4460, 2*o - 10 = 0. Suppose p = h - 2325, h - 1425 = -2*p + y. Is h a composite number?
True
Suppose 2*d + d = 3117. Suppose -v - 2*v + 3*y + 27 = 0, 0 = 4*v - 5*y - 41. Suppose -2*f - k + 430 = k, 5*f = v*k + d. Is f composite?
False
Suppose -4*h + 57*b = 52*b - 4103821, 0 = 5*h + b - 5129740. Is h composite?
True
Let h(m) = 377*m + 364*m + 12 + 94*m - 132*m. Let u be h(-7). Is (-12 - -8)*u/4 a prime number?
True
Let w be (8 - 133/14)*(-1 - 1). Suppose 4*l + w*z = 8545, 8*z = -4*l + 12*z + 8552. Is l a prime number?
True
Suppose 29*l - 2053012 = 1648461. Is l a prime number?
True
Let i = -391101 + 715270. Is i a composite number?
True
Let x(w) = -174*w + 49. Suppose 3*c + 234 = -9*p + 7*p, 244 = -2*p + 2*c. Let m = 116 + p. Is x(m) composite?
True
Let v = 304646 - 117497. Is v prime?
False
Let p(f) be the first derivative of 23*f + 20/3*f**3 - 27/2*f**2 - 1/4*f**4 - 1. Is p(18) prime?
False
Let w(h) = -3*h + 8*h + h + h**2 + 0*h - 23. Let n be w(-9). Suppose -4*l + n*k + 4624 = 0, 3*l - 4584 = -l - 4*k. Is l a prime number?
True
Is (-375646)/(-7 - ((-60)/(-18))/(4/(-6))) a prime number?
True
Suppose h + 299 = 71. Let i = h + 478. Let u = 657 + i. Is u a prime number?
True
Let f = -17087 + 173806. Is f prime?
True
Suppose r - 5*o = 29, -2*r + r - 3*o = -5. Suppose -g - c - c + 19 = 0, 2*g - r = 2*c. Suppose -3*d + g + 706 = 0. Is d a composite number?
False
Let s(a) = 50547*a - 16067. Is s(18) prime?
False
Let m(b) = 56*b - 1. Let r(q) = -q. Suppose -4*v = -4*c + c - 3, 2*c + v = -2. Let x(o) = c*m(o) - 3*r(o). Is x(-6) prime?
False
Let s = 9161 + -352. Is s composite?
True
Let c = 503089 + -188136. Is c composite?
False
Suppose 4*g + 9 - 40 = -x, 2*g = -4*x + 96. Suppose -28*m = -x*m - 790. Let f = m + 56. Is f prime?
False
Let y be ((-3)/5)/((-4)/40). Let i be (-30)/(-5) + y*(-2)/4. Suppose -i*c + 1194 = -5712. Is c a composite number?
True
Suppose -o - 620 = -3*o. Let q be ((-3)/1 + -3)*(-42)/63. Suppose 4*z + 30 - o = -q*t, 5 = z. Is t composite?
True
Suppose -5*f - 5*j = -40, 0 = 5*f - 0*j - j - 28. Let k(m) = 242*m - 13. Is k(f) a prime number?
True
Suppose -11*s - 17578 + 60797 = 0. Suppose -8258 = -7*z + s. Let t = 4100 - z. Is t composite?
True
Let o(p) = 875*p + 2098. Is o(59) prime?
False
Is 3/(-1)*(95524/(-33) - -1) a composite number?
False
Let c(w) be the first derivative of 5*w**3/3 - 7*w**2 - 65*w + 18. Is c(-9) a composite number?
True
Suppose 6 = 7*l - 10*l. Let m(y) = -162*y - 7. Is m(l) a composite number?
False
Let x(v) = -v**3 + 28*v**2 + 66*v + 349. Is x(-42) prime?
False
Suppose m = 0, -14*k + 10*k - 4*m + 123179 = 3*k. Is k a prime number?
True
Let m = -214 + 30. Let v = m + 419. Is v prime?
False
Let k be (14 - 24)*1/2. Is ((-36)/(-8) + k)*-2222 composite?
True
Let w(z) = 188*z - 11. Let v be w(8). Let k = -724 + v. Is k a prime number?
True
Let y = 369944 - 204145. Is y prime?
True
Let f(k) = 5*k**3 - 3*k**2 + 3*k + 2. Let b be f(3). Let m be 844/12 + -3 - (-4)/6. Let x = b + m. Is x composite?
True
Let k(f) = 7*f**3 - 2*f**2 - 5*f + 8. Let i be k(2). Suppose 216 = 17*g + i. Let p(x) = 92*x - 1. Is p(g) composite?
False
Let s(j) = -263*j + 0 - 585*j - 4 - 3. Let x be s(-4). Suppose 0 = -2*z - 5*d + 1354, 5*z + d - 5*d = x. Is z a composite number?
False
Let l(h) = 21*h - 60. Let n be l(4). Is (-3603)/(-1) + 3*(-32)/n a prime number?
False
Suppose d + 2*n - 19120 = -2931, 32351 = 2*d - 5*n. Is d prime?
True
Is 4/(104/121459)*10 prime?
False
Let a = 55 - 38. Suppose 3*j = i - 3 + 7, 4*j = -i + a. Suppose -4*r + 4718 = j*r. Is r a composite number?
True
Let r(f) = f**3 - 5*f**2 + f + 15. Let x be r(4). Suppose a - x*b - 18 = -5*b, 4*a + 4*b = 72. Suppose -16*c - 9388 = -a*c. Is c prime?
False
Let z = -37788 + 66253. Is z prime?
False
Let k(m) = 29*m**2 + 3*m + 3. Let h(t) = 29*t**2 + 2*t + 4. Let u(g) = 3*h(g) - 2*k(g). Let p be (-18)/90 + 26/5. Is u(p) composite?
True
Let z(b) = 17922*b**2 - 565*b - 12. Is z(5) prime?
False
Let k be 86 - ((-3)/(-9)*6 + -2). Let f = k - 91. Let c(j) = -5*j**3 + 3*j**2 - 11*j + 3. Is c(f) composite?
True
Let h be ((-62)/14 + 3)/((-1)/7). Suppose 0 = 7*b + h - 80. Suppose b = 2*i, 2*i = 2*c - 2*i - 74. Is c a composite number?
False
Let s(k) = 95*k**2 - 2*k + 3. Let n(y) = 13*y + 35. Let q be n(-8). Let l = -67 - q. Is s(l) a composite number?
False
Is 1/(((-14)/(-35))/(81202/5)) a prime number?
False
Suppose -4*k - 3*q = -q - 117720, -q - 2 = 0. Is k composite?
True
Suppose 0 = 5*z - 3*z. Suppose -5*h + 15 = z, -7*h + 3*h = -d - 10. Suppose 4*m - 2*u = 3368, 5*m - 7*u - 4205 = -d*u. Is m prime?
False
Let o(x) = -x. Let z be (-16 - -3) + 0 + 1. Let y be o(z). Is 5283*((-32)/y + 3) a prime number?
False
Let x(k) = 1354282*k + 529. Is x(1) prime?
True
Suppose -11*v + 13*v = -4. Let i be (5 + v)*1/3*-698. Let s = i - -2517. Is s composite?
True
Let o = 210 - 207. Is -2 + 4513 + o + -7 a prime number?
True
Suppose -48 = -3*q - 3*c, -5*c - 58 = -4*q - 3*c. Let z = q - 106. Let j = -69 - z. Is j a prime number?
False
Let t = -9615 + 29502. Suppose 0 = 8*v - t - 17257. Is v a composite number?
False
Suppose -4*w = -7*p + 2*p - 454, w = 2*p + 115. Suppose 3*u - w + 96 = 0, 0 = -5*c + u + 518450. Is c a composite number?
True
Suppose 0 = 12*m - 404 + 332. Suppose 12176 - 2162 = m*c. Is c a prime number?
True
Let b(x) be the first derivative of 3*x**3 - x**2 - 19*x - 115. Let f = 6 + 0. Is b(f) prime?
True
Suppose 0*f = -4*f + 20. Suppose 0 = 2*q - f*c - 62610, -8*c + 11*c + 31303 = q. Is q prime?
False
Let z(y) = -3*y**3 + 2*y**2 + 14*y - 14. Let c be z(-6). Let j = 1611 - c. Is j composite?
True
Suppose 2*v - 32360 = -2*u, u - 1971 =